ist the prime factors of i(y).
3, 5, 11
Let n(z) = 10*z - 79. Let h be n(6). Let j(k) = -3*k - 3. List the prime factors of j(h).
2, 3
Suppose m - 261 = 23. Let n = m + -49. What are the prime factors of n?
5, 47
Suppose 5*x = -n - 16, 3*n - x = 2*x - 12. Let f be 4 + 3*8/n. List the prime factors of 1 + f + -2 - -36.
5, 7
Let y be (-6)/(-9)*9/(-3). What are the prime factors of y*(-5)/(-5)*-1 - -241?
3
Suppose -23*y + 172691 = -134143 - 39063. List the prime factors of y.
3, 557
Suppose 5*l + 425*j = 429*j + 9629, 4*j = 16. What are the prime factors of l?
3, 643
Suppose 2*g - 21 - 9 = 0. Let t be (-10)/g*1 - (-88)/6. List the prime factors of (t/(-42))/((-2)/186).
31
Let t(s) = 22*s - 50. Let x be t(3). Suppose 17*l - 733 = x*l - m, -l - 5*m = -741. List the prime factors of l.
17, 43
Suppose -d + 2*p - 5*p = 22, -5*d + 4*p = 15. Let n(b) = -b**2 - 13*b + 17. Let x be n(d). Let u = 82 + x. What are the prime factors of u?
3, 47
Suppose -121*a = -185088 - 129512. List the prime factors of a.
2, 5, 13
Let c(h) = -7*h - 21. Let s be c(-4). Suppose 3580 = -2*u + s*u. List the prime factors of u.
2, 179
What are the prime factors of (85320/20)/((-34)/(-51))?
3, 79
Let k = 1 + -19. Let i(c) = -c**3 - 20*c**2 - 35*c + 21. Let a be i(k). Suppose -10*h + 462 = -a*h. What are the prime factors of h?
2, 3, 11
Suppose r = -29*q + 26*q + 50769, 0 = -2*q. What are the prime factors of r?
3, 5641
What are the prime factors of 30/(-3) + 3/((-6)/(-59326))?
13, 2281
Suppose v = -40 + 42. Let y be (-4)/v - (24/(-3) - -4). Suppose x + y*x = 219. List the prime factors of x.
73
Let i(g) = 104*g**2 - g. Let y be i(1). Suppose -2057 = 8*s - 1425. Let u = y + s. List the prime factors of u.
2, 3
Let t be 14/(-3) - -5 - (-8)/3. Suppose -t*j + 709 = -3*d - 56, -4*d - 762 = -3*j. List the prime factors of j.
2, 3, 43
Let g(a) = -a**2 - 3*a + 4. Let u be g(-3). Suppose -7*p + 2*p = -c - 4077, 4092 = 5*p + u*c. What are the prime factors of p?
2, 3, 17
Let j(o) = 60*o - 3. Let b(y) = -119*y + 7. Let x(f) = -3*b(f) - 5*j(f). Let c be x(-5). What are the prime factors of 3*(-6)/9 - c/3?
5, 19
Let t be (11028/(-24))/(2/(-4)). Suppose -2*j + z = -519 - 92, z - t = -3*j. What are the prime factors of j?
2, 3, 17
Let o(v) = v**3 - v**2 - 5*v - 5. Let j be o(4). Suppose 0 = -j*s + 8418 + 2668. What are the prime factors of s?
2, 241
Let c(t) = t**3 - 22*t**2 + 15*t + 37. Let l be c(21). Let g = l - -99. Let s(d) = -2*d**2 + 23*d - 3. List the prime factors of s(g).
3
Let q be 10686/(-24)*1 - 1/(-4). List the prime factors of q*(-3 + 7 + -6 - -1).
5, 89
Suppose -24*o + o + 108652 = 0. Suppose -5905 = -5*t - 3*h, -7*t + 3*t - 2*h + o = 0. List the prime factors of t.
1181
Suppose -19 + 4 = -5*h, 6 = 4*n + 2*h. Suppose n = -39*f + 34*f + 15. Suppose f*u = 828 - 36. What are the prime factors of u?
2, 3, 11
Let d be -1 - -212 - (23 - 21). Suppose 0 = -d*b + 215*b - 552. List the prime factors of b.
2, 23
Let o(q) = 16*q**2 - 19 + 181*q - 89*q - q**3 - 88*q. Let g be o(13). Suppose -7*m + g + 216 = 0. List the prime factors of m.
2, 3
Let x(t) = 2*t**2 + 4*t + 4. Let k be (-1)/(-2)*(-6)/3. Let g be x(k). Suppose -g*z + 151 = -53. List the prime factors of z.
2, 3, 17
Suppose -2*i = -b - 8, -7*i + 29 = -2*i + 2*b. Suppose -4*k - 5*n + 698 = 0, 0 = -3*k + 10*n - i*n + 506. List the prime factors of k.
2, 43
Suppose 5*k = -2*i + 690, -i - 3*k + 323 + 21 = 0. What are the prime factors of i?
2, 5, 7
Let k = 90 + -19. Suppose -2*j + 2*c + 48 = j, 5*c = 4*j - k. Suppose 0 = 15*u - j*u - 94. List the prime factors of u.
2, 47
Let v = 20182 + 19769. List the prime factors of v.
3, 23, 193
Suppose 9*d + 531 + 1116 = 0. Let a = 724 + d. What are the prime factors of a?
541
Suppose 5 + 0 = 5*p, -5*l + 2*p = -173. Suppose 4*w - 85 = l. Let x = w + 43. List the prime factors of x.
73
Let m be (34/51)/(2/(-9)). Let j = 3 - m. Suppose -2*q - 528 = -j*q. What are the prime factors of q?
2, 3, 11
Let i be (-27)/4*192/(-24). Let v be (2/(-3))/((-6)/i). What are the prime factors of ((-20)/v)/((-6)/126)?
2, 5, 7
Suppose 5*w - 4*t - 44 = 0, 3*w = -t + 12 + 11. Suppose 0 = -w*n + 4*n + 116. Let j = 14 + n. What are the prime factors of j?
43
Let z(w) be the third derivative of 7*w**4/3 - 14*w**3/3 - 2*w**2 + 11*w. List the prime factors of z(8).
2, 3, 5, 7
Let z be 8 - ((-5)/1 - (-5 + 1)). Suppose 33*s - z = 30*s. Let r(q) = 6*q**3 - 5*q**2 + q - 4. What are the prime factors of r(s)?
2, 29
Let j be (2*(-1158)/24)/(3/(-36)). Suppose -5056 - j = -13*m. List the prime factors of m.
2, 239
Let n be (1/(-3))/((-1)/2658). Suppose -14*t + 659 = 3*x - 13*t, 4*x - n = -5*t. What are the prime factors of x?
3, 73
Suppose 0 = -6*w + 5*w - 372. List the prime factors of w/52 + 7 + 17658/26.
7, 97
Let l = 28688 - 16409. What are the prime factors of l?
3, 4093
Suppose -5*j = -4*y + 15 + 21, -36 = -4*y - 3*j. Let i be 2 + 4/(8/(-6)) - y. List the prime factors of (-4 + 7/2)*i.
5
Let q(z) = 132*z**2 - 144*z + 1493. What are the prime factors of q(10)?
29, 457
Let r = -2822 + 4628. Suppose 31*p - 25*p = r. List the prime factors of p.
7, 43
Suppose -13*r + 8*r - 8*r = 0. What are the prime factors of (1674/2 - -4)/(r - -1)?
29
Let b(d) = -5*d**3 + 29*d**2 + 578*d + 82. List the prime factors of b(-17).
2, 3, 1289
Let r be -4 + (32 - -3 - -1). Let o = r + -31. List the prime factors of (12/3)/(-4) - (-55)/o.
2, 3
Suppose 11*w = 23*w - 2400. Suppose 82*h - w = 77*h. What are the prime factors of h?
2, 5
Suppose -4*t + 44 = -16. Suppose 2*z = 5*x - 11 - 4, -t = -z - 2*x. Suppose 3*a + 541 = 6*a - n, z*a - n - 903 = 0. List the prime factors of a.
181
List the prime factors of 4/(-50) - (1251956/(-75) - (-128)/192).
2, 3, 13, 107
Let i(a) = 575*a**2 + 67*a + 224. List the prime factors of i(-8).
2, 4561
Let v be (-4052)/(-10)*-5*3/(-6). Let s = v - 553. List the prime factors of s.
2, 5, 23
Let i = -30136 - -81793. What are the prime factors of i?
3, 67, 257
List the prime factors of (-70)/525 - 1127004/(-180).
3, 2087
Let n(s) = 36*s**2 - 172*s + 129. List the prime factors of n(16).
19, 347
Let b = 5599 + -2682. What are the prime factors of b?
2917
Let q = 130 - 135. Let o(d) be the first derivative of -d**4/2 - 2*d**3/3 + 3*d**2/2 - 14*d - 8. What are the prime factors of o(q)?
3, 19
Suppose -4*x = -c + 55, 0*x = 2*x - 4. Let g = 224 - 137. Let l = g - c. What are the prime factors of l?
2, 3
Suppose 8*o + 41 = 65. Suppose 5*n + 4466 = 3*w + 1589, o*w = -2*n + 2877. List the prime factors of w.
7, 137
Suppose -16*u = -15*u + 4. Let w = -5 - u. List the prime factors of 0 + (w - 2) + 8.
5
Suppose x = -2*p - 350, -6*x = -9*x - 4*p - 1060. Let j = 419 + x. List the prime factors of j.
59
Suppose -h = 5*c + 52, 2*c + 3*h + 46 = -2*c. Let v = c - -14. List the prime factors of v + (-675)/(-5) - 2.
137
Let f = -10555 - -17434. List the prime factors of f.
3, 2293
Suppose -2*r = -5*m + 1370, 61*r + 2074 = 58*r - 2*m. List the prime factors of r/((-12)/(-18) + 16/(-12)).
3, 5, 23
Suppose 4*u - 21*u = 323. Let d(v) = -v**2 - 21*v + 47. List the prime factors of d(u).
5, 17
Suppose 0 = -123*p - 66*p + 2089206. List the prime factors of p.
2, 5527
Suppose 5*j = -0*j + 855. Let m be j/18 - 1/2. What are the prime factors of 6/m + (-770)/(-15)?
2, 13
Let k(y) = 954*y - 138. Let p be k(7). List the prime factors of 0 - -2 - p/(-5).
2, 5, 131
Suppose 6 = 2*h + 4. Suppose 0 = -3*s - 7 + 19. What are the prime factors of s - (795/h)/(-5)?
163
What are the prime factors of (-180)/(-225) - 31/(-5) - -5290?
5297
Let o(c) = -8*c. Let w(v) = 23*v + 1. Let x(i) = -17*o(i) - 6*w(i). Let u be x(-15). Suppose u = 2*a - 74. List the prime factors of a.
7
Suppose 9*s = 398 + 133. Suppose -s*k + n + 1029 = -57*k, 4*n + 1044 = 2*k. What are the prime factors of k?
2
Suppose -24*z - 2329 + 63811 = -822. What are the prime factors of z?
2, 11, 59
Suppose 358*q = 365*q - 5978. Suppose 4*z + 4*i = 1192, -3*z + 18*i + q = 13*i. List the prime factors of z.
293
Suppose 0 = g + 4*g. Suppose -5*y + 9 + 51 = g. Suppose -j + y = 5*d, 5*j - 3*d - 172 = -0*d. What are the prime factors of j?
2
Suppose 440 = 38*t - 42*t. Let v = 590 + t. Suppose u - v = -4*u. List the prime factors of u.
2, 3
Let z(u) = -2636*u + 21277. List the prime factors of z(-8).
5